{"id":104,"date":"2021-03-15T00:45:23","date_gmt":"2021-03-14T21:45:23","guid":{"rendered":"http:\/\/levent-unal.com.tr\/cicekcidemo\/?post_type=product&#038;p=104"},"modified":"2021-03-15T00:45:24","modified_gmt":"2021-03-14T21:45:24","slug":"hayatimin-askina-7li-gul-buketi","status":"publish","type":"product","link":"https:\/\/levent-unal.com.tr\/cicekcidemo\/index.php\/urun\/hayatimin-askina-7li-gul-buketi\/","title":{"rendered":"Hayat\u0131m\u0131n A\u015fk\u0131na 7&#8217;li g\u00fcl Buketi"},"content":{"rendered":"","protected":false},"excerpt":{"rendered":"","protected":false},"featured_media":105,"comment_status":"open","ping_status":"closed","template":"","meta":[],"class_list":["post-104","product","type-product","status-publish","has-post-thumbnail","hentry","product_cat-acilis-kutlama","product_cat-anneye","product_cat-antoryum","product_cat-aranjmanlar","product_cat-babaya","product_cat-buketler","product_cat-cicekler","product_cat-dogum-gunu","product_cat-gecmis-olsun","product_cat-genclere","product_cat-gerbera","product_cat-gonderi-amaci","product_cat-guller","product_cat-lityum","product_cat-merasim-cenaze","product_cat-nikah-dugun","product_cat-sevgiliye","product_cat-sevgiliye-cicek","product_cat-vip-cicekler","product_cat-yeni-bebek","product_cat-yeni-is-terfi","product_cat-yil-donumu"],"_links":{"self":[{"href":"https:\/\/levent-unal.com.tr\/cicekcidemo\/index.php\/wp-json\/wp\/v2\/product\/104","targetHints":{"allow":["GET"]}}],"collection":[{"href":"https:\/\/levent-unal.com.tr\/cicekcidemo\/index.php\/wp-json\/wp\/v2\/product"}],"about":[{"href":"https:\/\/levent-unal.com.tr\/cicekcidemo\/index.php\/wp-json\/wp\/v2\/types\/product"}],"replies":[{"embeddable":true,"href":"https:\/\/levent-unal.com.tr\/cicekcidemo\/index.php\/wp-json\/wp\/v2\/comments?post=104"}],"wp:featuredmedia":[{"embeddable":true,"href":"https:\/\/levent-unal.com.tr\/cicekcidemo\/index.php\/wp-json\/wp\/v2\/media\/105"}],"wp:attachment":[{"href":"https:\/\/levent-unal.com.tr\/cicekcidemo\/index.php\/wp-json\/wp\/v2\/media?parent=104"}],"curies":[{"name":"wp","href":"https:\/\/api.w.org\/{rel}","templated":true}]}}